Suppose t = 6*h - 102. What are the prime factors of h?
3, 7
Suppose 0 = -2*g - 34 - 2. Let j = g + 37. List the prime factors of j.
19
List the prime factors of ((-2390)/4)/(-5 - (-27)/6).
5, 239
Suppose 2 - 47 = -9*d. Suppose -n + 0*n + 166 = d*p, 5*n - 2*p = 803. List the prime factors of n.
7, 23
List the prime factors of ((-30)/2)/(3/(-535)).
5, 107
Let b = 9 + -6. Suppose 5 = 5*k + p, 2*p = -4*k - b + 13. What are the prime factors of -7*1*(k + -1)?
7
What are the prime factors of 1 + (5/(-35) - (-5022)/21)?
2, 3, 5
Let k be (-27)/2*(-8)/12. Suppose 0*b = -4*b + 2*w + 2, 0 = 3*w - k. Suppose b*f - 33 + 1 = 0. What are the prime factors of f?
2
Let y(v) = -40*v**3 - 5*v**2 - 2*v + 1. What are the prime factors of y(-4)?
19, 131
Suppose 0 = -2*q - 2*q + 16. Let j be (q - 1) + 6 + -10. Let u(n) = -18*n**3 - 2*n**2 + 1. List the prime factors of u(j).
17
Let u be (-15)/5*6/(-2). Suppose -2 = -n - u. Let x = 16 - n. What are the prime factors of x?
23
Suppose -2*d = -6 - 2. Suppose -3*v + d*h = -4*v + 66, -2*h = -v + 36. What are the prime factors of v?
2, 23
Let d(l) = -16*l - 101. List the prime factors of d(-9).
43
Let h(b) = 50*b - 2. Let u be h(4). Suppose u = 12*g - 498. What are the prime factors of g?
2, 29
Let t(z) = -8*z + 4. Let d be t(5). Let j(f) = -f**2 - 6*f - 22. Let v be j(-5). Let q = v - d. What are the prime factors of q?
19
List the prime factors of (-63)/(-3)*(23 - 4).
3, 7, 19
Let g(t) = -2*t**2 - 32*t - 1. Let p be g(-7). Let d(q) = -q**3 - 3*q**2 + 2*q - 5. Let m be d(-4). Suppose -20 + p = m*y. What are the prime factors of y?
5, 7
Suppose 1 = 3*k - 2. Suppose -s + 0*s = -k. Suppose -x = s, -g - x - 20 = -2*g. List the prime factors of g.
19
Suppose 0*g - 3*g + 300 = 0. Suppose 4*c - g = 4*j + 184, c + 5*j = 77. What are the prime factors of c?
2, 3
Let i be ((-2)/(-4))/(215/72 - 3). Let l = i - -63. List the prime factors of l.
3
Suppose -3*c = -5*c - 4. Let z be 4 + 2 + -4 + -1. What are the prime factors of (c/z)/(1/(-5))?
2, 5
Let w(g) = -74*g - 251. List the prime factors of w(-14).
5, 157
Suppose 672 - 288 = 8*v. List the prime factors of v.
2, 3
Suppose -x - 5*k = 16, -4*x - 3*k = -3*x + 8. Suppose 3*d - 221 = x*q, 0 = -3*d + 5*q + 8 + 212. What are the prime factors of d?
3, 5
Let r be (-4)/(-10) - 114/10. Let p(w) = -w**3 - 16*w**2 - 11*w + 13. Let f be p(r). What are the prime factors of (-6)/(-10) + f/(-15)?
2
Let s(x) = -x**2 + 2. Let r(k) = -2*k**2 - k + 6. Let q(p) = 3*r(p) - 8*s(p). Let y be -2*(1/(-2) - 1). List the prime factors of q(y).
11
Let c be (20/50)/(1/105). Suppose -4*o + c + 602 = 0. List the prime factors of 4/10 + o/35.
5
Suppose 12 = 4*b - 52. Let f be (-3)/(-9) - b/(-6). Let y(j) = 3*j**2 - 2*j - 2. List the prime factors of y(f).
19
Suppose t + 3*b - 111 = -0*b, -t - 2*b = -108. What are the prime factors of t?
2, 3, 17
Let a be 0/((-7)/(7/2)). Suppose -8*g + 11*g - 180 = a. List the prime factors of g.
2, 3, 5
Let c be -5*((-16)/(-10))/2. Let w be 2/c - 14/(-4). Suppose w*v + 63 = 6*v. What are the prime factors of v?
3, 7
Let t(q) be the first derivative of q**5/40 - q**4/8 + q**3/3 + 3. Let x(g) be the third derivative of t(g). What are the prime factors of x(7)?
2, 3
Let m(l) = 439*l**2 - 9*l - 18. What are the prime factors of m(-2)?
2, 439
Suppose 0 = 5*w - 3*g - g - 16, 5*g - 5 = 0. Suppose -w + 61 = 3*c - n, 3*c = 2*n + 57. Suppose 3 = h - c. List the prime factors of h.
2, 11
Suppose 80*h - 88*h + 18832 = 0. List the prime factors of h.
2, 11, 107
Suppose 8 = -3*l + 7*l. Suppose 60 = 2*m - l*r, -5*r + 117 = 5*m - 73. List the prime factors of m.
2, 17
Suppose -f + 18 = -4*f. Let o = 19 - f. Let a = o + -16. List the prime factors of a.
3
Let b(y) = 4*y - 8. Let p be b(2). List the prime factors of 80 - (p + (1 + 3)/(-4)).
3
Let k = 4 - 9. Let b(r) = -r - 4. Let c be b(k). What are the prime factors of 27/9*(12 + c)?
3, 13
Suppose 3*p = -0*p + 1017. Suppose -4*f - p = -5*r, -2*f = 2*r - f - 146. List the prime factors of r.
71
Suppose 2*y + 4*f = 28, -4*f = y - 23 - 1. Let q = y - -2. List the prime factors of ((-20)/q - 0)*-3.
2, 5
Suppose -22*u + 24*u + s - 3371 = 0, -3381 = -2*u + s. List the prime factors of u.
2, 211
Let x = 802 + -510. Suppose 4*a + 0*a - x = 0. List the prime factors of a.
73
List the prime factors of ((-342)/24)/(-2 + (-133)/(-68)).
17, 19
Suppose 8*r = 9*r - 42. Suppose -3*b = -2*b - r. What are the prime factors of b?
2, 3, 7
Let u be (-101)/(-3) + 1/3. What are the prime factors of 2/(36/u + -1)?
2, 17
Let a = 1804 - -396. What are the prime factors of a?
2, 5, 11
Let c(b) = -b**2 + 11*b - 1. Let q be c(11). Let m be 2 + (-1 + 0)/q. Suppose -2 = -m*u + 2*u. What are the prime factors of u?
2
Suppose 3*s = 2*s + 27. Suppose k = m + 2*m - 11, 5*k + s = m. Suppose b - 8 - 21 = -m*w, 4*b = -4. What are the prime factors of w?
3, 5
Suppose 0 = -4*k + 7 + 13. Suppose -382 = -2*c + k*u, 4*c - 5*c - 2*u = -191. What are the prime factors of c?
191
Let a(p) = 26*p**2 + 3*p + 21. List the prime factors of a(3).
2, 3, 11
Suppose 0 = 28*k + 31*k - 13688. What are the prime factors of k?
2, 29
Let o(v) = 98*v - 3. Let j be o(2). Suppose -j = -2*d - 71. What are the prime factors of d?
61
Let l(m) = -3*m**3 - m**2 - m - 96. Let o be l(0). Let c = -164 + 300. Let t = c + o. What are the prime factors of t?
2, 5
Suppose -5553 = -5*v + 4257. What are the prime factors of v?
2, 3, 109
Suppose -3*k + 13 = -56. Suppose 16*r - k*r + 35 = 0. What are the prime factors of r?
5
What are the prime factors of (48/3)/(5/5)?
2
Suppose 14*o = 5616 + 5920. List the prime factors of o.
2, 103
What are the prime factors of (-102)/(-153) - 11257/(-3)?
3, 139
Suppose -18*x + 27470 - 1568 = 0. What are the prime factors of x?
1439
Suppose 0 = 5*j - 5*t + t - 6, t + 9 = 5*j. Suppose v = 3*r + 55, 2*r - 207 = -3*v - j*v. What are the prime factors of v?
43
Let n(y) = -13*y**3 + y**2 - y - 1. Let a be n(-1). Suppose 0 = -a*k + 18*k + 156. Let w = -11 - k. List the prime factors of w.
2, 7
Let z(j) = 10*j + 1049. What are the prime factors of z(-58)?
7, 67
Suppose -2*p + 328 = 2*s, 4*p - 2*s - 222 - 464 = 0. Suppose 5*l - p = 106. List the prime factors of l.
5, 11
Suppose -1091 - 698 = -2*v - 3*p, 2*p = 2*v - 1774. What are the prime factors of v?
2, 5, 89
Suppose 4*b - 5*b - 2*k = -111, -2*b = -4*k - 214. List the prime factors of b.
109
Let b(z) = -z**2 - 14*z + 8. Let d be b(-14). Suppose 8 = -2*k, 4*k + d = -3*a - a. Suppose -a*s - 84 = -6*s. What are the prime factors of s?
3, 7
Let f(k) = 195*k**2 + k - 1. Let l be f(1). Suppose g = -2*g + l. Suppose -s - g = -6*s. What are the prime factors of s?
13
Let x = 1431 - 3. List the prime factors of x.
2, 3, 7, 17
Let b be (13/52)/((-1)/(-12)). Let v = b + 26. List the prime factors of v.
29
Let c(a) = 4*a**2 + 1. Let h be c(1). Let s(b) = 2*b**2 - 9*b + 3. List the prime factors of s(h).
2
Let u(a) = 244*a - 2. Let s be u(8). Suppose 8*l = -494 + s. What are the prime factors of l?
2, 7, 13
Let t be (2/4)/(((-1)/274)/(-1)). Suppose 135*w - t*w = -86. List the prime factors of w.
43
Let j(x) = x**2 + 8*x - 3. Let p = 4 + -21. What are the prime factors of j(p)?
2, 3, 5
Suppose 136*x - 129*x = 10731. What are the prime factors of x?
3, 7, 73
Let h(b) = -3*b**3 + 2*b**2 - 2*b + 5. Let a be h(-4). Let y = -12 - -2. List the prime factors of a/5 - y/(-25).
47
Let r = -36 - -161. Let q = r - 65. What are the prime factors of q?
2, 3, 5
Let c = -4384 - -8472. What are the prime factors of c?
2, 7, 73
Suppose 5*q + 5*u - 555 - 345 = 0, 945 = 5*q - 4*u. Suppose -2*l + 67 = -q. List the prime factors of l.
2, 3, 7
Let y(v) be the third derivative of 0 + 0*v - 3*v**2 + 1/120*v**6 + 1/12*v**4 + 4/3*v**3 + 0*v**5. What are the prime factors of y(0)?
2
Let u be ((-12)/10)/(2/(-10)). List the prime factors of 88/u*(-3 + 6).
2, 11
What are the prime factors of (-72)/20*35*(-2 + -2)?
2, 3, 7
Let b(s) = -s + 3. Let r be b(-2). Let u = -71 + 136. Suppose -r*v + 0*v = -u. List the prime factors of v.
13
Suppose 0 = -y + 3*y - l - 9, 5*y + 2*l = 0. Suppose -y*f - 8 = -50. Let v = f - 14. List the prime factors of v.
7
Let m(s) = s**3 - 8*s**2 + 7*s + 3. Let k be m(8). Suppose -5*c + 46 = -k. Let f = c + -16. What are the prime factors of f?
5
What are 